- 471. What is l(23)?
-241
Let q(v) = -1392*v - 4249. Give q(-3).
-73
Let y(h) = -530*h + 4932. Determine y(10).
-368
Let u(n) = 750*n + 37486. Calculate u(-50).
-14
Let l(c) = -155*c - 1086. Determine l(-7).
-1
Let v(w) = -6*w**3 + 2*w**2 - 31*w - 31. Give v(-1).
8
Let r(a) = -2*a**2 - 130*a + 12177. Give r(-117).
9
Let t(g) = -2*g**3 - 19*g**2 + 22*g - 23. Calculate t(-11).
98
Let z(w) = -w**2 - 50*w - 55. Determine z(-48).
41
Let k(c) = -56*c - 934. What is k(-17)?
18
Let q(g) = -24*g**2 + 274*g - 547. Give q(2).
-95
Let x(t) = 3*t**2 - 69*t - 826. Calculate x(-11).
296
Let t(z) = -327*z + 29732. Give t(91).
-25
Let w(n) = -17*n - 394. Calculate w(-35).
201
Let v(q) = 271*q + 189. What is v(-2)?
-353
Let y(x) = x**2 - 12*x - 65. Give y(-4).
-1
Let j(c) = -34*c - 318. Calculate j(-10).
22
Let s(l) = -12*l + 148. Calculate s(4).
100
Let p(f) = 4*f**2 - 8*f - 69. Give p(-10).
411
Let a(k) = -38*k - 163. Calculate a(-2).
-87
Let f(o) = o**3 + 33*o**2 - 192*o - 93. Calculate f(-38).
-17
Let l(v) = -86*v**3 - 2*v**2 - 33*v + 2. Determine l(0).
2
Let r(j) = -9*j**2 - 103*j - 189. What is r(-2)?
-19
Let g(p) = 283*p - 3005. Give g(12).
391
Let k(g) = -98*g - 4671. Give k(-47).
-65
Let n(l) = 4*l**2 - 114*l + 451. Determine n(4).
59
Let r(g) = -24*g - 424. Calculate r(-25).
176
Let c(t) = 81*t - 10. Calculate c(2).
152
Let c(u) = -u**3 + 22*u**2 - 5*u + 22. Calculate c(22).
-88
Let r(u) = -3*u**2 - 89*u - 174. Calculate r(-2).
-8
Let o(b) = 2*b**2 - 81*b + 576. What is o(33)?
81
Let p(m) = -m**3 - 3*m**2 + 24*m + 14. Determine p(6).
-166
Let q(m) = 2*m - 8. Calculate q(0).
-8
Let n(o) = -112*o - 93. Determine n(-1).
19
Let d(p) = p**2 + 472*p + 7300. Determine d(-16).
4
Let k(n) = n**2 - 11*n - 87. Calculate k(12).
-75
Let m(a) = -367*a + 111. Give m(0).
111
Let c(j) = j**2 - 2*j + 20. Determine c(7).
55
Let x(w) = -w**3 + 2*w**2 + 40*w + 141. Calculate x(-4).
77
Let w(v) = 12*v**2 + 3294*v - 4971. Give w(-276).
-3
Let i(p) = p**3 - 12*p**2 + 6*p + 26. Determine i(9).
-163
Let q(x) = -57*x + 673. What is q(12)?
-11
Let o(d) = d**2 - 21*d + 13. What is o(21)?
13
Let l(d) = -d**2 + 349*d - 19122. What is l(281)?
-14
Let o(b) = -b**3 + b**2 - 10*b - 142. Determine o(0).
-142
Let t(g) = -23*g**2 - 181*g - 30. Determine t(-8).
-54
Let n(d) = d**3 + 9*d**2 - 36*d - 322. What is n(-8)?
30
Let h(p) = p**2 + 4*p - 393. Determine h(18).
3
Let s(j) = -j**3 + 7*j**2 + 298*j + 58. Determine s(-14).
2
Let r(h) = -h**3 - 38*h**2 + 10*h + 1767. Calculate r(-37).
28
Let q(a) = 3*a**3 + a**2 - 5*a + 3. What is q(2)?
21
Let p(y) = y**3 - 18*y**2 - 13*y - 183. Give p(19).
-69
Let o(h) = 512*h + 4101. What is o(-8)?
5
Let u(r) = r**2 + 106*r - 21198. What is u(-208)?
18
Let k(u) = -21*u + 352. Calculate k(17).
-5
Let b(k) = -14*k + 119. Calculate b(12).
-49
Let u(j) = 1787*j - 14244. Calculate u(8).
52
Let n(t) = 3*t**3 - 61*t**2 + 59*t - 3. What is n(19)?
-326
Let z(t) = t**3 - 54*t**2 - 167*t - 244. Determine z(57).
-16
Let k(a) = 7*a**2 + 105*a - 22. What is k(-14)?
-120
Let p(z) = z**3 - 154*z**2 + 739*z + 889. Give p(149).
-5
Let f(u) = -u**3 - 18*u**2 - 65*u - 48. Determine f(-14).
78
Let g(c) = 42*c**2 - 9*c + 12. Give g(2).
162
Let i(g) = -g**2 - 13*g + 8. Calculate i(-19).
-106
Let f(n) = 65*n - 76. What is f(2)?
54
Let m(b) = -b**3 + 25*b**2 + 120*b - 86. Calculate m(29).
30
Let t(u) = -615*u**2 - 4917*u + 23. What is t(-8)?
-1
Let v(n) = -2274*n - 18196. Give v(-8).
-4
Let q(h) = -h**3 + 10*h**2 + 55*h + 96. What is q(14)?
82
Let i(s) = 8*s**3 + 85*s**2 - 24*s + 95. Calculate i(-11).
-4
Let b(q) = 11*q**3 + 100*q**2 + 3*q - 54. Calculate b(-9).
0
Let d(b) = 127*b + 13854. Determine d(-109).
11
Let q(k) = 26*k**2 - 61*k + 2. Give q(1).
-33
Let j(h) = 34*h - 4489. Calculate j(132).
-1
Let j(h) = -3*h + 470. What is j(54)?
308
Let d(p) = p**3 + 11*p**2 + 11*p + 38. Determine d(-11).
-83
Let w(f) = 208*f - 767. Give w(5).
273
Let i(v) = -186*v - 189. Determine i(-1).
-3
Let f(q) = -q**3 + 9*q**2 + 14*q + 31. Calculate f(11).
-57
Let x(i) = -8*i**3 + 25*i**2 + 4*i - 28. Give x(3).
-7
Let g(a) = -32*a + 287. Calculate g(18).
-289
Let k(p) = -2*p**2 + 344*p - 3239. Calculate k(10).
1
Let r(b) = -2*b**3 + 2*b**2 + 6*b - 10. Give r(3).
-28
Let h(j) = j**3 + 4*j**2 + 20*j + 171. What is h(-6)?
-21
Let d(v) = -48*v + 1134. Give d(23).
30
Let y(n) = -13*n**3 + 120*n**2 - 27*n + 9. Determine y(9).
9
Let y(q) = q**3 - 15*q**2 + 48*q - 29. Calculate y(11).
15
Let l(t) = -t**3 + 16*t**2 - 50*t - 51. Give l(11).
4
Let c(x) = 342*x + 12660. Give c(-37).
6
Let z(p) = p**2 - 77*p - 506. Give z(83).
-8
Let k(s) = s**3 - 22*s**2 + 50*s - 4. Give k(2).
16
Let v(h) = -h**3 - 482*h**2 + 4910*h + 92. Calculate v(10).
-8
Let t(s) = 6*s**2 - 523*s + 2018. What is t(4)?
22
Let y(l) = -3*l**2 + 3*l - 5. What is y(2)?
-11
Let v(u) = -11*u**2 + 221*u - 15. Determine v(22).
-477
Let v(m) = 847*m + 93181. Give v(-110).
11
Let y(a) = -160*a + 9654. What is y(60)?
54
Let n(q) = -2*q**2 - 181*q - 1092. What is n(-84)?
0
Let w(x) = -x**3 - x - 204. Determine w(0).
-204
Let g(k) = -k**2 - 364*k - 32954. Determine g(-169).
1
Let h(x) = x**3 - 112*x**2 + 448*x - 4. Determine h(4).
60
Let c(y) = 2197*y - 79092. What is c(36)?
0
Let f(j) = -j**2 + 12*j + 460. Give f(-26).
-528
Let k(g) = 4960*g - 188481. Determine k(38).
-1
Let z(k) = -57*k**2 + 177*k - 6. Give z(3).
12
Let w(l) = l**3 + 107*l**2 - 114*l - 666. Give w(-108).
-18
Let h(g) = g**3 - g**2 - 63*g + 125. Determine h(2).
3
Let t(c) = -13680*c - 232558. Determine t(-17).
2
Let z(g) = 3*g**3 - 9*g**2 - 18*g + 62. Determine z(4).
38
Let g(h) = -19*h + 134. Calculate g(15).
-151
Let v(g) = -20*g - 71. What is v(-14)?
209
Let g(f) = 1265*f - 6334. Give g(5).
-9
Let y(d) = d**3 - 33*d**2 + 6*d - 201. What is y(33)?
-3
Let m(d) = 162*d + 7577. Calculate m(-47).
-37
Let v(z) = 48*z - 5196. Give v(108).
-12
Let x(y) = y**3 - 15*y**2 - 60*y + 18. Give x(14).
-1018
Let t(r) = -r**3 - 9*r**2 + 135*r + 1251. Determine t(-10).
1
Let d(t) = -2*t**3 + 7*t**2 + 34*t + 3. Determine d(6).
27
Let b(s) = -s**3 - 30*s**2 - 26*s - 5. Calculate b(-29).
-92
Let n(i) = i**3 - 8*i**2 - 7*i + 25. Give n(5).
-85
Let g(j) = 10*j - 17. Give g(37).
353
Let f(h) = h**2 - 51*h - 115. Give f(53).
-9
Let f(a) = 2*a**3 - 20*a**2 + 31*a - 36. What is f(12)?
912
Let k(c) = c**2 + 271*c - 1103. Determine k(4).
-3
Let m(y) = 51*y + 3410. What is m(-67)?
-7
Let i(m) = -5*m**3 - 76*m**2 - 7*m + 125. Give i(-15).
5
Let r(o) = -o**2 + 668*o - 84992. Give r(497).
-5
Let d(h) = -h**3 + 35*h**2 + 356*h + 28. What is d(-8)?
-68
Let h(z) = 2*z**2 + 60*z + 175. Determine h(-27).
13
Let y(u) = u**2 + 9*u + 15. Give y(-7).
1
Let f(g) = -g**2 - 21*g + 6. Give f(-16).
86
Let y(z) = z**3 - 18*z**2 - 115*z + 5. Give y(23).
5
Let b(d) = -102*d + 1200. Determine b(12).
-24
Let l(o) = -7*o + 87. Give l(18).
-39
Let s(d) = -d**2 - 3143*d + 12581. Give s(4).
-7
Let y(v) = 6*v**2 - 132*v - 444. Give y(25).
6
Let h(k) = -8*k**2 + 643*k + 3140. What is h(85)?
-5
Let n(l) = -368*l - 2252. What is n(-6)?
-44
Let q(r) = -2*r**2 - 87*r - 785. Give q(-19).
146
Let k(u) = u**3 + 10*u**2 + 26*u - 4. Calculate k(-5).
-9
Let l(j) = -20*j - 2846. Give l(-143).
14
Let a(o) = -o**3 + 27*o**2 - 21*o + 155. What is a(27)?
-412
Let w(a) = 589*a + 7054. Determine w(-12).
-14
Let a(w) = 8*w**3 - 5*w**2 + 16*w - 28. Give a(2).
48
Let d(p) = -64*p - 2462. What is d(-38)?
-30
Let q(t) = -180*t + 3237. Calculate q(18).
-3
Let f(l) = -2854*l - 17119. Give f(-6).
5
Let w(p) = -p**2 - 30*p - 1. Calculate w(0).
-1
Let l(i) = 19*i**2 + 264*i - 2761. Calculate l(7).
18
Let g(s) = -7*s**3 - 44*s**2 - 31*s - 102. Calculate g(-6).
12
Let r(b) = 5*b - 609. Determine r(25).
-484
Let p(x) = 3*x**2 + 44*x - 154. What is p(3)?
5
Let x(t) = -20*t**3 + 119*t**2 - 107*t + 684. Determine x(6).
6
Let q(v) = 205*v - 840. Give q(4).
-20
Let g(d) = d**2 - 6*d + 64. Calculate g(16).
224
Let q(b) = -104*b - 86. Give q(5).
-606
Let t(c) = -3*c**3 - 85*c**2 - 299*c + 2. Calculate t(-4).
30
Let x(i) = -i**2 + 9*i - 54. Determine x(11).
-76
Let x(y) = y**3 - 34*y**2 + 164*y - 32. What is x(7)?
-207
Let g(n) = -21*n**3 - 11*n**2 + 5*n + 6. What is g(-2)?
120
Let h(y) = -731*y + 40223. Determine h(55).
18
Let t(u) = -8*u**3 - 3*u**2 - 9*u - 6. Determ